14451421 (base 6) to base 9.
848054
What is -3224a (base 12) in base 14?
-1a0b0
What is -1606430 (base 9) in base 5?
-211443320
-1434054 (base 7) to base 13
-6a0bc
What is 468341 (base 15) in base 8?
14664032
-10001001100111001111111 (base 2) to base 16
-44ce7f
What is -10223222331 (base 4) in base 8?
-4535275
What is 10444330 (base 6) in base 11?
1a7367
-2da04 (base 14) to base 15
-23db3
Convert -71250 (base 9) to base 14.
-13115
What is 1111110000000100 (base 2) in base 15?
141b1
Convert -26128362 (base 9) to base 3.
-220010222102002
11101100001110010 (base 2) to base 13
43087
Convert -1dd2af (base 16) to base 6.
-105520303
Convert 1665330 (base 9) to base 14.
1a27c4
What is -3043503 (base 6) in base 8?
-435077
-2120121020 (base 3) to base 13
-1a130
-12123623 (base 10) to base 7
-205022561
What is -120523522 (base 6) in base 4?
-20231011022
1aa36 (base 14) to base 4
100210120
320011233301 (base 4) to base 16
e05bf1
100201220011 (base 3) to base 4
232302202
Convert -570a80 (base 12) to base 14.
-282c24
Convert 73423 (base 10) to base 2.
10001111011001111
-98800 (base 15) to base 2
-1110110010001001001
-113100032 (base 4) to base 14
-269d4
What is -111110011011001001 (base 2) in base 8?
-763311
Convert -18139 (base 11) to base 14.
-93c0
What is 5920133 (base 10) in base 12?
1b96005
Convert -110111010111000 (base 2) to base 8.
-67270
-24204301 (base 6) to base 13
-2093bc
Convert 3444341 (base 6) to base 13.
628ab
100000101100100011011111 (base 2) to base 4
200230203133
2033432144 (base 5) to base 3
21220111022002
What is ccda25 (base 16) in base 10?
13425189
Convert -aca7 (base 13) to base 6.
-303423
Convert 52673b (base 14) to base 6.
135400053
Convert 532412210 (base 6) to base 9.
18552126
What is -13144417 (base 8) in base 11?
-1725172
What is 3234133431 (base 5) in base 14?
cca35d
Convert 1101111101110000110 (base 2) to base 10.
457606
-3c824 (base 15) to base 11
-122a04
501444 (base 7) to base 8
245176
Convert -111211312311 (base 4) to base 3.
-101122120011210
What is -2a986 (base 16) in base 5?
-21040340
Convert -125567 (base 8) to base 15.
-d015
-251477 (base 11) to base 2
-1100000111110010110
Convert -235024 (base 7) to base 15.
-c91a
Convert -1115224 (base 6) to base 8.
-157100
What is 1b085 (base 14) in base 13?
2537c
What is 1d8232 (base 14) in base 15?
15de65
6d80d (base 14) to base 8
1012745
What is -25002 (base 8) in base 2?
-10101000000010
-4044055 (base 6) to base 5
-22131312
Convert -944bcc (base 13) to base 14.
-663532
-7b8478 (base 14) to base 8
-20037012
Convert 2604758 (base 9) to base 5.
330430322
Convert -100001011110010101101101 (base 2) to base 13.
-1a83128
What is -1313202210 (base 4) in base 12?
-1b7430
What is -100100100100110000000111 (base 2) in base 5?
-4423301334
What is -a45877 (base 13) in base 8?
-16513171
12326230 (base 7) to base 11
6a2715
3251017 (base 8) to base 14
18a1d5
-12937 (base 12) to base 11
-18200
Convert -16202440 (base 9) to base 7.
-125530320
-147a3c (base 14) to base 16
-ae006
Convert 100021220000 (base 3) to base 8.
545162
312d1 (base 14) to base 8
347447
Convert -1123123300 (base 4) to base 6.
-12005504
What is 10020200002 (base 3) in base 2?
1111100110100111
What is -129699 (base 10) in base 3?
-20120220200
What is -122332202233 (base 4) in base 8?
-32764257
Convert -25cb3 (base 13) to base 6.
-1301213
Convert -41723 (base 14) to base 4.
-212201303
What is 30666016 (base 7) in base 16?
277d2c
What is -211661 (base 11) in base 8?
-1225663
72675 (base 13) to base 14
54c19
What is -279b8a3 (base 12) in base 10?
-7920699
What is -5016604 (base 8) in base 16?
-141d84
-1141c3 (base 16) to base 4
-10110013003
-1134220334 (base 5) to base 3
-11222112200012
-1000111111010000 (base 2) to base 3
-1212111120
-1529130 (base 11) to base 13
-708965
What is -170053 (base 8) in base 11?
-42214
Convert -14a8a39 (base 14) to base 11.
-5770a88
What is -102023331 (base 4) in base 16?
-122fd
What is -22033110032 (base 4) in base 5?
-1141343144
Convert -56d1d (base 14) to base 16.
-338af
541b8 (base 16) to base 12
147448
Convert 1010011111110001010101 (base 2) to base 5.
1201022243
What is 1132315000 (base 6) in base 11?
71a5904
d9260 (base 14) to base 16
80124
What is -194afa (base 16) in base 2?
-110010100101011111010
Convert -10213041 (base 6) to base 11.
-193536
Convert 15350041 (base 6) to base 3.
1000120220221
Convert -707268 (base 11) to base 3.
-2010202122202
Convert -419903 (base 16) to base 4.
-100121210003
What is -1016302 (base 12) in base 16?
-2e0b32
What is 10320441421 (base 5) in base 11?
62a8389
Convert 163203 (base 10) to base 9.
267776
1010101110000101000 (base 2) to base 12
14b348
-4124434200 (base 5) to base 10
-8436800
Convert b8b843 (base 13) to base 7.
51606030
Convert -2045035 (base 6) to base 8.
-302417
What is -1101101110110001 (base 2) in base 15?
-119e6
What is -1d1d4 (base 16) in base 13?
-42383
114452 (base 6) to base 10
10112
What is 20221002102220 (base 3) in base 2?
1110000011000011000100
What is cd111 (base 14) in base 10?
496875
What is 1011010110111100100 (base 2) in base 3?
200220120001
c4ae2 (base 15) to base 11
396464
10010110110110100010101 (base 2) to base 14
929605
55600 (base 9) to base 13
13a73
Convert 201204103 (base 7) to base 13.
25604c8
What is -204949 (base 11) in base 9?
-550635
Convert -11211500 (base 6) to base 8.
-1237434
What is -242a3 (base 12) in base 11?
-3372a
Convert 29e7e0 (base 15) to base 12.
816b56
-310101301 (base 4) to base 3
-101212201201
What is -12a93c5 (base 14) in base 6?
-521115105
What is -111131100201 (base 4) in base 6?
-320321013
Convert -4497854 (base 12) to base 16.
-c87d00
-285236 (base 11) to base 6
-13321330
Convert -13951c (base 13) to base 9.
-807147
What is 378365 (base 13) in base 5?
320110342
What is 30871 (base 16) in base 15?
3dd64
345430004 (base 6) to base 13
14403a6
Convert -891542 (base 10) to base 13.
-252a52
What is 10101010101111011 (base 2) in base 6?
1512415
-223113403 (base 6) to base 10
-4068939
-25953 (base 12) to base 10
-51471
What is -c7aa3 (base 16) in base 6?
-25310123
-288846 (base 9) to base 7
-1335231
233200002 (base 5) to base 16
104ed0
Convert -72db3 (base 14) to base 5.
-32331410
235882 (base 11) to base 10
373738
Convert 842305 (base 10) to base 7.
10105462
Convert -1567967 (base 12) to base 6.
-233342211
What is -111334 (base 7) in base 14?
-728b
15aa695 (base 11) to base 10
2737366
What is 2761700 (base 9) in base 5?
342020022
Convert -1301304 (base 5) to base 16.
-6274
-116426 (base 8) to base 3
-2001011102
2412132231 (base 5) to base 2
10101010011001001010001
220201012100 (base 3) to base 2
1110110101111110011
-cb165 (base 16) to base 13
-231821
Convert 2157025 (base 8) to base 9.
1075152
What is -1067232 (base 9) in base 8?
-2145145
What is 3100253 (base 8) in base 16?
c80ab
-722399 (base 10) to base 8
-2602737
-28362 (base 12) to base 14
-1649c
15568250 (base 10) to base 3
1002021221121212
What is -1100120404 (base 5) in base 10?
-2348229
22525635 (base 7) to base 4
13201300020
What is 666477 (base 8) in base 10?
224575
What is 45a060 (base 15) in base 4?
30223220301
What is -6452271 (base 10) in base 11?
-3707761
Convert -222641 (base 8) to base 5.
-4401134
Convert -936717 (base 11) to base 6.
-52110441
What is -25635465 (base 7) in base 15?
-314da9
What is -1245505 (base 6) in base 9?
-114155
What is 3203032111 (base 4) in base 14?
1a3273
Convert 655784 (base 9) to base 11.
248067
What is -2416318 (base 9) in base 16?
-13fe41
Convert -2ae63b (base 16) to base 4.
-22232120323
8432852 (base 10) to base 14
11972a8
Convert -220311130 (base 4) to base 3.
-22111102211
What is -25e08 (base 15) in base 8?
-354703
618aa7 (base 13) to base 8
10534612
Convert 272048 (base 11) to base 3.
210201011001
What is 22100000 (base 3) in base 4?
1132323
What is -102112 (base 3) in base 7?
-623
What is 33651053 (base 7) in base 8?
13147744
Convert 44190 (base 12) to base 15.
1ba73
What is 99895 (base 12) in base 3?
101100001212
13929 (base 10) to base 14
510d
-12760508 (base 10) to base 15
-11c0d58
What is 11014 (base 9) in base 12?
4287
Convert 2195655 (base 10) to base 14.
412247
2050502 (base 8) to base 16
85142
-55aa7a (base 11) to base 4
-3122002023
Convert -512258 (base 10) to base 8.
-1750402
Convert 11153